5*v**2 - 7185*v + 2639. What is s(-147)?
-7
Let y(w) = 1816*w - 2216. What is y(3)?
3232
Let u(b) = -11*b**2 + 1906*b + 11483. What is u(-6)?
-349
Let k(c) = -5536*c + 293387. Give k(53).
-21
Let v(a) = -a**3 - 38*a**2 - 172*a + 18. Calculate v(-14).
-2278
Let p(h) = 8630*h + 189859. Give p(-22).
-1
Let i(t) = -t**3 - 133*t**2 - 1833*t + 83. What is i(-16)?
-541
Let f(d) = -34895*d - 3663981. What is f(-105)?
-6
Let l(x) = -x**3 + 449*x**2 + 32259*x + 204. What is l(-63)?
15
Let w(p) = -2*p**2 + 94797*p + 758484. Determine w(-8).
-20
Let u(w) = 3*w**3 + 493*w**2 + 159*w - 489. What is u(-164)?
331
Let d(h) = -18*h**2 + 230*h + 1024. Determine d(-4).
-184
Let a(r) = 5155*r + 28429. Calculate a(-5).
2654
Let s(i) = 904*i - 18805. Give s(21).
179
Let w(f) = f**2 + 91*f - 117. Give w(-93).
69
Let i(s) = 6*s**3 - 191*s**2 - 1536*s + 55978. Determine i(30).
-2
Let o(h) = 2*h**3 - 1761*h**2 - 6186*h - 1774. What is o(884)?
-6
Let d(m) = -3*m**3 - 16*m**2 + 258*m + 501. What is d(8)?
5
Let i(w) = 8*w**2 - 15*w + 117. What is i(7)?
404
Let x(k) = -147*k**2 + 797*k + 482. Give x(6).
-28
Let d(t) = -448051*t - 9857119. Calculate d(-22).
3
Let h(y) = 1120*y**2 + 2189*y - 8. Calculate h(-2).
94
Let j(i) = -i**3 - 262*i**2 + 60106*i + 2544. What is j(147)?
45
Let v(y) = -66887*y + 66896. Give v(1).
9
Let n(j) = -15*j**2 + j + 13. What is n(-2)?
-49
Let b(d) = 52*d**2 + 252*d - 1840. What is b(7)?
2472
Let d(u) = u**3 - 7*u**2 - 6763*u + 40563. What is d(6)?
-51
Let s(p) = -724*p**2 - 427889*p - 2959. Calculate s(-591).
-4
Let n(w) = w**2 + 140*w + 200. What is n(-138)?
-76
Let t(l) = 18*l**2 + 28*l - 2508. What is t(11)?
-22
Let x(a) = -4*a**3 - 41*a**2 + 861*a + 2569. What is x(-3)?
-275
Let d(h) = h**3 - 112*h**2 - 234*h + 1128. Determine d(114).
444
Let w(g) = -6303*g - 18929. What is w(-3)?
-20
Let h(g) = 523*g + 145387. Calculate h(-278).
-7
Let o(i) = i**3 - 79*i**2 - 181*i + 1638. What is o(81)?
99
Let h(g) = -3076*g + 36789. What is h(12)?
-123
Let w(o) = -2283*o - 2333. Give w(-2).
2233
Let s(k) = 30*k**2 + 4572*k + 2057. What is s(-152)?
233
Let r(w) = w**3 + 225*w**2 + 113*w - 24861. What is r(-224)?
3
Let m(n) = -2*n**2 + 71*n + 351. What is m(-21)?
-2022
Let k(h) = 1322*h**2 + 33047*h - 188. Calculate k(-25).
-113
Let z(g) = 133410*g + 933969. What is z(-7)?
99
Let u(h) = -h**3 - 16*h**2 - 66*h - 2290. Calculate u(-18).
-454
Let g(s) = -s**2 - 94*s - 1765. Calculate g(-59).
300
Let x(m) = -50*m**2 + 206*m + 1467. Give x(-7).
-2425
Let y(o) = 37*o**2 - 62*o - 759. Determine y(-7).
1488
Let n(h) = 739*h - 24467. What is n(33)?
-80
Let z(i) = -3*i + 386. Calculate z(135).
-19
Let h(z) = 15*z**3 + 381*z**2 + 410*z + 28557. Give h(-27).
-9
Let h(t) = 3*t**2 + 172*t + 4294. Give h(-32).
1862
Let j(t) = 64*t**3 - 10*t**2 - 13*t + 11. Give j(-1).
-50
Let z(b) = -b**3 + 84*b**2 + 283*b - 2014. Give z(87).
-100
Let s(l) = -l**3 + 14*l**2 + 213*l - 84. What is s(17)?
2670
Let j(u) = 3079*u - 21868. Determine j(7).
-315
Let q(l) = 6653*l - 6675. Calculate q(1).
-22
Let i(n) = 63*n**2 - 2986*n + 1197. What is i(47)?
22
Let z(l) = -14*l**2 - 10684*l + 52220. Give z(-768).
-4
Let b(p) = -9*p**3 + 4816*p**2 - 387*p - 79220. Give b(535).
-40
Let r(v) = -v**2 - 1425*v - 430652. Calculate r(-435).
-2
Let s(u) = 3*u**2 - 580*u + 18130. Give s(39).
73
Let z(h) = 2*h**3 + h**2 - 10*h - 57. Calculate z(-5).
-232
Let o(n) = -1018326*n - 15274890. Calculate o(-15).
0
Let p(s) = -2*s**3 - 176*s**2 - 138*s + 44860. What is p(-84)?
4
Let z(j) = -17*j**2 - 53*j + 295. Determine z(4).
-189
Let o(w) = -103*w**2 + 4737*w + 32. Calculate o(46).
-14
Let f(u) = -u**3 - 11*u**2 + 358*u + 1083. What is f(-3)?
-63
Let y(n) = 9937*n - 4392157. What is y(442)?
-3
Let u(f) = -10*f**2 + 1061*f - 28130. Determine u(54).
4
Let m(w) = 54*w**3 - 5397*w**2 - 308*w + 804. Give m(100).
4
Let b(n) = 27*n**3 + 19*n**2 + 107*n - 224. Determine b(2).
282
Let b(v) = 44*v**2 + 665*v - 5321. What is b(8)?
2815
Let p(d) = -939*d + 2530. What is p(3)?
-287
Let c(x) = 54*x**2 - 1220*x + 692. What is c(22)?
-12
Let p(j) = -1587*j - 203394. Determine p(-128).
-258
Let s(g) = -13*g**3 - 634*g**2 - 2518*g - 24. What is s(-4)?
736
Let o(i) = 3*i**2 - 537*i + 9117. Calculate o(160).
-3
Let j(p) = -25527*p - 2016629. Give j(-79).
4
Let n(a) = -a**3 - 13*a**2 - 208*a - 31. Give n(-9).
1517
Let d(h) = -36198*h - 181484. Calculate d(-5).
-494
Let s(m) = -1139*m + 5664. Calculate s(5).
-31
Let b(t) = -t**3 - 43*t**2 - 5620*t - 264854. What is b(-46)?
14
Let g(t) = t**2 - 37065*t - 19544199. Determine g(-520).
1
Let m(s) = s**3 + 157*s**2 - 698*s + 271. Determine m(4).
55
Let f(t) = -3*t**2 + 579*t - 8539. Calculate f(16).
-43
Let g(h) = 20*h**3 - 4*h**2 - 8*h + 7. Calculate g(4).
1191
Let n(r) = 15*r**2 + 212*r + 1693. What is n(-8)?
957
Let h(k) = 21218*k - 84875. Calculate h(4).
-3
Let g(y) = 23*y**2 - 98*y - 26. Calculate g(6).
214
Let n(v) = 11*v**3 - 75*v**2 + 13*v - 185. Calculate n(7).
4
Let h(k) = -2*k**2 + 275*k - 8198. Determine h(46).
220
Let n(j) = -733*j + 74020. Determine n(101).
-13
Let i(f) = -1077*f - 4386. Give i(-5).
999
Let j(z) = z**2 - 187361*z + 2060809. Determine j(11).
-41
Let v(t) = 3760*t - 304820. Give v(81).
-260
Let q(m) = -m**2 + 56*m + 13419. Determine q(-92).
-197
Let c(y) = -y**2 + 56*y - 359. Calculate c(14).
229
Let q(p) = 1052*p - 6320. Give q(6).
-8
Let d(c) = 5*c**2 - 1332*c - 7624. Give d(272).
-8
Let w(k) = -6*k**2 - 34*k + 1360. Determine w(-22).
-796
Let z(q) = 7636*q - 901051. What is z(118)?
-3
Let v(u) = 30168*u - 1236863. Calculate v(41).
25
Let p(q) = -411*q + 87562. Give p(213).
19
Let g(h) = -h**3 + 120*h**2 - 257*h + 967. Calculate g(118).
-1511
Let t(r) = -3*r**3 + 298*r**2 + 5073*r - 512038. What is t(99)?
-10
Let b(j) = j**3 + 858*j**2 + 10944*j - 46. Calculate b(-13).
487
Let y(u) = u**3 - 62*u**2 + 130*u - 520. What is y(60)?
80
Let n(k) = -10*k**2 + 853*k + 5967. What is n(-7)?
-494
Let l(r) = 13*r**3 - 84*r**2 + 548*r - 4173. Give l(7).
6
Let l(u) = -809*u - 6647. Give l(-8).
-175
Let l(j) = -6*j**2 - 5214*j - 576430. What is l(-130)?
-10
Let c(h) = -24*h**2 + 255*h + 6810. Give c(23).
-21
Let h(o) = o**2 - 11341*o + 1235405. Give h(110).
-5
Let z(d) = d**3 + 29*d**2 + 529*d + 11716. What is z(-26)?
-10
Let r(y) = -4132*y - 210739. Calculate r(-51).
-7
Let z(w) = -18*w**2 - 993*w - 13224. Calculate z(-33).
-57
Let r(k) = k**2 - 150*k - 6786. Calculate r(183).
-747
Let w(h) = -h**2 - 11*h + 1025. What is w(0)?
1025
Let h(k) = -655*k + 318974. Calculate h(487).
-11
Let i(u) = -u**3 - 15*u**2 + 15*u - 131. What is i(-6)?
-545
Let b(d) = 7*d**3 + 211*d**2 + 50*d - 129. Give b(-30).
-729
Let s(o) = -o**3 - 12*o**2 + 61*o + 156. What is s(-16)?
204
Let y(x) = 2*x**2 - 1006*x - 11269. Determine y(514).
39
Let o(z) = -z**2 + 126*z + 52762. Calculate o(-175).
87
Let f(v) = 18065*v - 1499402. Give f(83).
-7
Let x(z) = -z**2 - 238*z - 11665. Give x(-169).
-4
Let d(x) = -26*x**3 + 518*x**2 + 87*x - 523. Give d(20).
417
Let m(d) = 1172*d - 612960. Calculate m(523).
-4
Let j(r) = -1905*r - 9644. Give j(-5).
-119
Let m(i) = 4*i**2 + 7820*i + 2947810. Calculate m(-510).
10
Let v(w) = -320*w**2 - 68*w - 9. Determine v(-2).
-1153
Let s(x) = 174*x + 110. Calculate s(-1).
-64
Let t(g) = 2*g**2 + 250*g - 6450. Determine t(22).
18
Let a(n) = -11844*n - 47706. Calculate a(-4).
-330
Let f(o) = -3935*o - 25118. Determine f(-6).
-1508
Let o(g) = 3*g**3 - 131*g**2 + 133*g - 7761. Give o(44).
27
Let w(p) = -25*p**2 + 421*p + 3668. Calculate w(-9).
-2146
Let g(l) = -12*l**2 + 539*l - 3578. Determine g(8).
-34
Let p(i) = -102*i**3 + 11*i**2 - 5816*i - 5827. Give p(-1).
102
Let v(x) = 13744*x - 3710884. Calculate v(270).
-4
Let r(i) = -1120*i + 8952. Give r(8).
-8
Let f(o) = 69*o**3 + 1453*o**2 + 61*o - 242. Calculate f(-21).
241
Let i(t) = -t**2 - 9802*t - 902929. Give i(-93).
8
Let m(r) = 2*r**2 - 127297*r - 381897. Calculate m(-3).
12
Let i(z) = -z**3 + 47*z**2 + 266*z + 52. Determine i(-5).
22
Let a(s) = 40*s**2 - 414*s - 764. Determine a(12).
28
Let x(b) = b**2 + 1958*b + 13685. What is x(-7)?
28
Let t(r) = -r**3 - 376*r**2 - 6101*r + 727. Give t(-359).
9
Let c(i) = 2*i**2 - 7954*i - 79754. Determine c(-10).
-14
Let w(m) = -2*m**2 + 183916*m + 735718. Give w(-4).
22
Let r(n) =